lculate the highest common divisor of 18 and g.
18
Suppose 596 + 255 = 5*t + 4*h, 0 = t - 4*h - 175. Suppose -t = -2*p - 27. Calculate the greatest common factor of p and 24.
24
Suppose -38*f = -302 - 154. Calculate the greatest common divisor of 324 and f.
12
Let p = 52 + 198. What is the highest common factor of p and 10?
10
Let n(s) = 14*s + 33. Let g be n(3). Suppose 5*u + 56 = 2*j, u + 4*j - 2 = -0*j. Let c be u*3*(1 - 2). What is the highest common factor of g and c?
15
Let c(n) = 3*n**3 - 83*n**2 + 54*n + 24. Let k be c(27). Calculate the highest common factor of k and 32.
8
Let q(k) = k**2 - 2*k - 22. Let l be q(6). Let r be (-39)/(-16 - -15 - l/(-3)). What is the greatest common factor of 13 and r?
13
Let u = -38 - -40. Suppose -1950 = u*y - 15*y. Let w(p) = 7*p - 5. Let i be w(5). Calculate the greatest common divisor of i and y.
30
Let p(z) = -z**3 - 13*z**2 + 70*z. Let f be p(4). Suppose -2 - 14 = -q. What is the highest common divisor of q and f?
8
Let j = 147 - 109. What is the highest common factor of 304 and j?
38
Let y be (1/(-1))/(12/4152). Let u = y + 607. What is the greatest common factor of u and 29?
29
Suppose -39 + 74 = w. Suppose 313 = d - a, -d + 4*a + 235 + 72 = 0. Calculate the highest common factor of w and d.
35
Let r = -552 + 1241. Let g be r/2 + (-5)/10. What is the highest common factor of 43 and g?
43
Let s = -556 - -562. What is the highest common factor of s and 42?
6
Let k be 3*4/(-10)*(-60)/(-6). Let y be (546/k)/((-3)/6). Calculate the highest common divisor of y and 7.
7
Suppose -3*y = 4*p - 66, 9*p - 6*p - y = 56. What is the greatest common factor of 12 and p?
6
Let b(k) = -2*k**3 - k**2 - k + 59. Let v be b(0). Let x = v + 85. What is the greatest common divisor of x and 16?
16
Let v(p) = 3*p - 3. Let n be v(4). Suppose -3*s - 4*k + 83 = -102, 4*k + 193 = 3*s. Calculate the highest common factor of n and s.
9
Suppose 29*j - 27*j = 28. Calculate the greatest common factor of j and 63.
7
Let a = 64 + -8. Suppose a = 6*c - 142. Let g = -18 + c. Calculate the highest common divisor of 15 and g.
15
Suppose 0 = 2*v - 10, -15*r = -12*r + v - 446. What is the highest common factor of r and 84?
21
Let g = 847 - 739. Calculate the highest common divisor of g and 1728.
108
Let l(s) = 3*s + 7. Suppose 10 = j - z, -j - j + 24 = -3*z. Let f be l(j). Calculate the highest common factor of 75 and f.
25
Let z be (2*3/4)/((-36)/24). Let j be 6*(z - -6)*9/6. Calculate the highest common factor of 90 and j.
45
Let i(m) = 4*m**2 - 2*m + 2. Let k be i(1). Suppose k*w - 201 = 3. What is the greatest common factor of w and 17?
17
Let u(c) = -c**2 + 4*c + 4. Let p be u(0). Let t be (2 + -6)*(-9)/p. Calculate the greatest common divisor of t and 9.
9
Suppose 4*i - 5*n - 45 - 26 = 0, 3*i - 33 = -3*n. Suppose 5*t - 2*w = 214, w + 178 = 4*t - 4*w. Calculate the highest common divisor of t and i.
14
Suppose 3*o + 603 = 5*b - 0*b, -3*b - 3*o + 357 = 0. Calculate the greatest common divisor of b and 150.
30
Suppose 11*c - 359 + 194 = 0. What is the highest common divisor of 75 and c?
15
Suppose 0*f - 420 = -7*f. Calculate the highest common divisor of f and 15.
15
Suppose -4*o = 5*a - 415, 3*o - 4*a - 148 = 171. Calculate the highest common divisor of 120 and o.
15
Suppose -5*i = -i - 12. Let n(y) = 2*y**i + 29*y + y**2 - 29*y - 1. Let c be n(1). What is the highest common divisor of c and 14?
2
Suppose -556 = -4*q + 2*l + 170, -5*q + l + 909 = 0. What is the highest common divisor of q and 65?
13
Let d = 126 - 91. Let f be (2 + -3 - -5)/(-1). Let g be f*(0 + -3 + -32). What is the greatest common factor of g and d?
35
Let s(r) = 1 + r + 3*r - 17. Let u be s(10). What is the highest common factor of 48 and u?
24
Let k(r) = 4*r**2 + 4*r - 4. Let q be k(3). Let f = 34 + -32. Suppose 0 = -f*u + u - 5*c + 26, c - 25 = -2*u. Calculate the highest common divisor of u and q.
11
Suppose 7104 = 83*d - 71*d. Calculate the highest common divisor of 37 and d.
37
Let x(b) = b + 2. Let k(q) = -23*q - 60. Let h(z) = -k(z) - 3*x(z). Let c be h(18). What is the highest common factor of 46 and c?
46
Suppose 67*m + 11321 = 39327. What is the greatest common factor of m and 22?
22
Suppose -207*f + 213*f = 90. What is the greatest common divisor of 25 and f?
5
Let t(g) = 3*g - 4. Let m be t(3). Suppose -17 = -m*j + 3. Suppose 0 = -2*p - 2, -j*n + 2*p = p - 57. Calculate the greatest common divisor of 35 and n.
7
Suppose 70 + 30 = 4*s. Let i = -20 + s. Suppose 59 = 4*k + i*u, u + u = 3*k - 50. What is the highest common divisor of 24 and k?
8
Suppose 0 = 3*w + 8*w - 55. Let b = 497 - 337. What is the greatest common factor of w and b?
5
Suppose 30 = 3*d - 30. Suppose 5*b = 5 + 20, -5*v - b = -d. Suppose -v = s - 17. What is the greatest common factor of 126 and s?
14
Suppose -3*v + 5*v - 8 = 0, -4*v - 336 = -4*q. What is the highest common divisor of q and 104?
8
Suppose 4*r = 3*b + 20, 0 = 5*r - 2*r - 5*b - 4. Let q be (60/16)/(2*(-27)/(-576)). What is the highest common factor of r and q?
8
Let k be -3*-2*1/6. Suppose k = 4*u - 19. Suppose -66 = -u*i + 54. Calculate the greatest common divisor of 16 and i.
8
Let d(z) = 2*z**3 + 6*z**2 - z - 4. Let r be d(-3). Let m be ((-237)/3)/(-1) + r + 2. Calculate the greatest common factor of 16 and m.
16
Let k be (18/(-3) + 3)/((-3)/4). Suppose -32 = k*a - 104. Calculate the highest common divisor of a and 2.
2
Suppose 15 = x + 2*t, x - 5*t = 6 - 19. Suppose 3*m = x*m - 16. Suppose 0 = -4*u, m*v - 36 = -0*v - 4*u. What is the highest common factor of v and 36?
9
Let d(f) be the first derivative of f**4/4 - 2*f**3/3 + 11*f**2/2 - 15*f - 10. Let a be d(6). What is the highest common factor of a and 15?
15
Suppose -28*n + 3748 = -3476. Calculate the greatest common factor of n and 12.
6
Suppose -3*b = 2*i - 4008, -9*i + 10*i + 3999 = 3*b. Calculate the highest common divisor of 46 and b.
46
Let p = -30 + 37. Let g be p/3 + (-26)/(-39) + 11. What is the highest common divisor of 112 and g?
14
Let h(s) = -2*s + 63. Let g be h(17). What is the greatest common divisor of 29 and g?
29
Let i be 8/6*3 - 2. Let c be (-16)/3*(i - 5). Let y = 1205 + -1197. What is the highest common divisor of y and c?
8
Let r be 1 - ((-2)/4 - (-201)/(-6)). What is the highest common factor of r and 595?
35
Let k(s) = s**3 - 11*s**2 + 15*s - 14. Suppose 4*v + 26 = 3*y, -2*y - 16 = -4*y + 4*v. Let c be k(y). Calculate the highest common factor of 12 and c.
12
Suppose -j - 5*h + 5 + 18 = 0, 0 = 4*j + 2*h - 146. Let b(g) = 20*g - 5. Let c be b(5). What is the greatest common divisor of c and j?
19
Let a = 764 + -295. Calculate the highest common divisor of 67 and a.
67
Let m = 66 + -66. Suppose -4*o = -2*y + 22, m = -5*y + 2*o - 0*o + 23. Calculate the highest common divisor of 12 and y.
3
Suppose -2*j = -10 - 0. Let a(b) = b**2 - 5*b + 5. Let y be a(j). Calculate the greatest common divisor of y and 5.
5
Let v be -1 - 2/((-6)/57). Suppose 10*z - v = 9*z. Suppose 184 = 2*c + 2*h, -3*c + h + 264 = -2*h. What is the greatest common divisor of c and z?
18
Let w be (-442)/(-2) + 24 + -21. Calculate the greatest common factor of 21 and w.
7
Suppose 3*h - 165 = -8*h. Calculate the greatest common divisor of 15 and h.
15
Let o be (-1)/((14/77)/(-2)). What is the greatest common divisor of o and 11?
11
Suppose 3*b + 66 = -8*b. Let l be 22/33 + ((-584)/b)/1. Calculate the highest common divisor of 14 and l.
14
Let z(a) = -7*a + 22. Let g be z(-20). Let r(v) = 2*v**2 - 35*v + 35. Let u be r(17). What is the highest common factor of u and g?
18
Suppose 2*x = -6 + 10. Suppose x*v + 16 - 146 = 0. Calculate the highest common factor of 26 and v.
13
Suppose 0 = -4*d + 28 + 620. Let z = -13 + 31. Suppose j + z = 2*j. What is the greatest common divisor of j and d?
18
Let k be (9/12)/(1/4). Suppose p + k = -0*p. Let v be -3 + -1 + 2 - p. What is the greatest common divisor of v and 8?
1
Let a(f) = 2*f**2 - 7*f - 6. Let v be a(7). Let o be (2 - -2) + v + 4. Calculate the highest common factor of 34 and o.
17
Let x = -16 + 38. Let k = 6 + 192. Calculate the highest common factor of x and k.
22
Let m = 3 - 0. Suppose u + 5*c = 2*u - 11, 0 = -3*c - m. Let v = u - -4. What is the highest common factor of v and 25?
5
Suppose 4*f - 5 = 3. Let h(k) = -1 + 6 + 0*k*